tens digit of l?
5
Let s = 3161 - 2015. What is the tens digit of s?
4
Suppose 7*g - 3412 + 696 = 0. What is the tens digit of g?
8
Suppose 3*u + 3*a = 2742, 3*u + 1500 = -a + 4238. What is the units digit of u?
2
Let h be -2*((2 - -2) + -6). What is the units digit of (-2)/h*40/25*-45?
6
Let q(s) = s + 5 - 6 - 9. Let x be q(10). Suppose 5*f - 3*w + 94 - 263 = x, -5*f + 2*w = -171. What is the units digit of f?
5
Let j = 236 - 68. Suppose p + j = 5*a - 3*p, a - 24 = -4*p. What is the units digit of a?
2
Suppose 15 = -h + 6. Let u(f) = -f**3 - 10*f**2 - 13*f - 19. What is the tens digit of u(h)?
1
Let c(g) = 5*g**3 + 2*g - 1. Let f be c(1). Suppose 0 = -3*w + f*w. Suppose w = d - 14 - 10. What is the units digit of d?
4
Let a = -7 - -10. Suppose -a*z + 186 + 153 = 0. What is the tens digit of z?
1
Let q be 3 + (2 - 141)*1. Let i = -292 - q. What is the units digit of i/(-27) - 2/(-9)?
6
Suppose -z = 136 - 1304. What is the hundreds digit of z?
1
What is the tens digit of 8788/12 - (2 - 5/3)?
3
Let s be 1*-1*(20 + -27). What is the hundreds digit of 3*-1 + 1057/s?
1
Suppose 6191 = 12*n - 13609. What is the units digit of n?
0
Let z(g) = g**2 - 7*g + 126. What is the units digit of z(17)?
6
Let d = 39 + -59. Let q be 4/d + 1224/20. Suppose 2*f - f = q. What is the tens digit of f?
6
Suppose -3 = -3*q, 16*p + 4*q = 15*p + 651. What is the units digit of p?
7
What is the units digit of (-9 + 55/33)/(2/(-378))?
6
What is the tens digit of 56288/56*2/(-8)*-7?
5
Suppose -224 + 5756 = 6*s. What is the hundreds digit of s?
9
Let a(d) = 49*d + 33. What is the units digit of a(6)?
7
Suppose -5*c = -4 - 6. Suppose -3*j - 69 = 3*u, 3*j - u + 133 = -c*j. Let s = j - -47. What is the tens digit of s?
2
Suppose 0 = -3*g + 5*i + 604, g - 2*i - 975 = -4*g. Suppose -3*v - 4*k + g = -114, 4*v = -2*k + 426. What is the tens digit of v?
0
Let g = 453 + -176. Suppose 0 = 187*q - 188*q + g. What is the tens digit of q?
7
Let d(u) = 261*u + 217. What is the hundreds digit of d(6)?
7
Let g = -2497 - -1405. What is the units digit of g/(-15) + (-1)/(-5)?
3
Let m = -27 + 2. Suppose 0 = 5*q + 15, -4 = 2*y - 3*y + q. What is the tens digit of (m + y)/((-4)/6)?
3
Let v = 2 + -6. Let i = v + 8. Suppose -3*h + 5*t = -20, 2*h - 5*t + 5 = i*h. What is the units digit of h?
5
Let i = -419 + 738. What is the hundreds digit of i?
3
Let n(t) = 5*t**2 + 29*t - 5. What is the tens digit of n(12)?
6
Let j = -282 + 412. Suppose 0 = -2*c - s + 45, -6*c + j = -c - s. Let w = 31 - c. What is the units digit of w?
6
Let n(j) = 18*j**3 - 2*j + 1. Let t be n(2). Let y = -85 + t. What is the tens digit of y?
5
Let q = -10 - -43. Suppose -28*b - 5 = -q*b. What is the units digit of b?
1
Let q(m) be the first derivative of -7/2*m**2 + 9 - 28*m. What is the units digit of q(-13)?
3
Suppose -2*m - 3 = -17. Suppose -m*b + 79 = -26. What is the tens digit of b?
1
Let q = 2037 + -1868. What is the units digit of q?
9
Let x be 5/((-20)/(-12)) - 1. Suppose -2*g - x*s + 0*s = -86, -3*s = 5*g - 221. Let v = g + -15. What is the tens digit of v?
3
Let z(y) = -y**2 - 15*y + 4. Let p be z(-15). Suppose -2*m = -p*m + 40. What is the units digit of m?
0
Let z(l) = l**3 - 5*l**2 + l + 6. Let o(x) = 0 - 5*x - 1 - x**2 + 0*x**2. Let p be o(-2). What is the tens digit of z(p)?
1
Suppose -4*m - 5200 = -12*m. What is the hundreds digit of m?
6
What is the hundreds digit of (-39870)/(-50) + 4/(-10)?
7
Suppose 3506 = 5*b - 0*s - 3*s, 4*s + 2800 = 4*b. What is the tens digit of b?
0
What is the tens digit of 6*(-7)/(-14) + 636 + -6?
3
Suppose -5 = -5*w, -2*w + w = 4*r - 13. Let b = r + 38. What is the units digit of b?
1
Suppose 3*s - 7 = -4*o + 10, 0 = -3*o - 2*s + 12. Suppose -o*m + 90 = -2*n + 3*n, 0 = n + m - 95. What is the units digit of n?
0
Let k(f) = f**2 - 2*f - 3. Let d be k(0). Let g be (-381 - 0)/(-3) - d. Suppose -g = -3*m - 2*w, w + 160 = 4*m - 3*w. What is the units digit of m?
2
Suppose 28*z + 5*r + 12 = 26*z, -2*r - 8 = 0. Let k(s) = -s**2 - 4*s - 1. Let v be k(-3). Suppose v*u + 54 = z*u. What is the units digit of u?
7
Let i(m) = -11*m**3 - 4*m**2 + m + 4. Let p be -6 - 6*(6/(-4))/3. What is the units digit of i(p)?
2
Let d = 38 - 27. Let s = d - 9. Suppose -3*q + 98 = -2*v, -3*q + v = -s*q - 34. What is the units digit of q?
0
Let g(v) = -5*v**3 - 15*v**2 - 39*v. What is the hundreds digit of g(-7)?
2
Let n(s) = s**3 - 7*s**2 - 7*s - 1. Let g be n(8). Let i = -7 + g. Suppose -2*k + i*x + 81 = -x, 5*k = -3*x + 230. What is the units digit of k?
3
Suppose -866 = -49*b + 47*b. What is the tens digit of b?
3
Let v = 29 + -27. Suppose v*t = 3*a + 17, -t + a + 2 = -5. What is the units digit of t?
4
Let n = -14 - -17. Suppose -j = -n*j. Suppose -4*q + 8*q = -l + 19, 4*q + 4 = j. What is the tens digit of l?
2
Let j = -1007 - -1855. What is the tens digit of j?
4
Let b = -26 + 46. Suppose 0*z + b = 5*z. Suppose z*m = 81 + 55. What is the tens digit of m?
3
Suppose -3*d = -2*f - 6*d - 9, -15 = 3*d. Suppose f*b = 5*g + 106 + 71, 2*g + 114 = 2*b. What is the units digit of b?
4
Let z(p) = 4*p**2 - 54*p - 30. What is the tens digit of z(40)?
1
Suppose -5*w + 1688 = -17807. What is the tens digit of w?
9
Let a(q) = 58*q**3 + 11*q**2 + 23*q. What is the tens digit of a(4)?
8
Let z(g) = -g**3 - 3*g**2 - 6*g + 11. What is the hundreds digit of z(-7)?
2
Suppose 4*g = 7 + 25. Suppose 7*b + g = 3*b. What is the units digit of b/(-3 + 87/30)?
0
Let a = -544 - -550. Suppose -2*g + 66 = 3*d - 3*g, 2*d - 2*g - 48 = 0. Suppose 0 = -7*l + a*l + d. What is the units digit of l?
1
Suppose 120 = -5*s + 2*s. What is the tens digit of 110/s*8/(1/(-1))?
2
Let s(r) = -r**2 + 9*r - 4. Suppose 0 = 3*o - 5*m - 33, 3*m + 3 - 14 = -o. Suppose -1 - o = -2*i. What is the units digit of s(i)?
4
Let x be (-12)/1 + (2 - 3). Let u(q) = 6*q**2 + 6*q**2 - 5*q**2 + 7*q + 3*q**2 - 9*q**2 - 12. What is the units digit of u(x)?
6
Suppose -c = 988 - 1112. What is the hundreds digit of c?
1
What is the hundreds digit of (3 - 12) + (2 - -2502)?
4
Let a = -30 - -59. Suppose -1 - a = -5*x. What is the units digit of x?
6
Let p(r) = r**3 + 4*r**2 + 2*r - 4. Let x be -5*(-1)/10*(5 + 1). What is the tens digit of p(x)?
6
Let v = -67 - -5. Let d = v - -27. Let x = 90 + d. What is the tens digit of x?
5
Let t(q) = -q**3 - 12*q**2 - 11*q + 4. Let u be t(-11). Suppose -2*s + 2*p - u*p = -32, 4*p + 20 = 0. What is the units digit of s?
1
Let n(d) be the third derivative of d**6/360 - d**5/120 - d**4/6 - d**3/2 - 5*d**2. Let k(v) be the first derivative of n(v). What is the units digit of k(-6)?
8
What is the hundreds digit of ((-69)/(-92))/(0 - 3/(-1912))?
4
Let u(h) = -h + 3. Let v be u(6). Let c be 2*-2*3/v. Suppose -5*k + c*k = -17. What is the tens digit of k?
1
What is the hundreds digit of (-4 + 4 - -89)*(9 - 2)?
6
Let n = -9 + 29. Suppose n - 560 = -5*t. What is the hundreds digit of t?
1
Let d = -116 - -210. Suppose -d*j = -92*j - 218. What is the units digit of j?
9
Suppose 2*d = 5*w - 46, -5*w + 15 = 4*d - 13. Suppose w*p - 304 = 8. What is the units digit of p?
9
Suppose 4*f = 923 - 151. What is the hundreds digit of f?
1
Let o(j) = 2*j**2 + 13*j - 4. Let b = 25 - 35. What is the tens digit of o(b)?
6
Let m = 49 + 23. Suppose -w = w + m. What is the units digit of w/(-10)*10/3?
2
Let i(q) = -q**3 - 3*q**2 + 4*q - 2. Let p be i(-4). Let f(k) = k**3 + 12*k**2 - 2. Let o be f(-12). What is the units digit of 0 + o - -17 - p?
7
Suppose -3376 = 98*r - 106*r. What is the tens digit of r?
2
Let x(m) = -11*m + 1. Let i(p) = p. Let d(l) = 6*i(l) - x(l). What is the units digit of d(2)?
3
Let f(l) = l**3 + l**2 + l + 5. Let h be f(0). Suppose 15 = h*x - 85. Let n(u) = u**2 - 18*u - 10. What is the units digit of n(x)?
0
Suppose -3*x - 5253 = -3*g - 0*g, -2*g = 4*x - 3496. What is the hundreds digit of g?
7
Let y(d) = -4*d**3 + 20*d**2 - 5*d + 8. Let o(b) = b**3 - 5*b**2 + b - 2. Let m(p) = -18*o(p) - 4*y(p). What is the tens digit of m(5)?
1
Suppose 0 = -3*j - 2*j. Suppose 3*n - 12 = -o + 2, j = 3*n - 2*o - 26. Suppose 24 = n*a - 2*a. What is the units digit of a?
6
Suppose 0 = -2*n - 6, 3*n = 2*c + 2*n - 13. Suppose y = -0 + 2, 0 = c*a + 3*y + 4. Let l(x) = -30*x - 6. What is the tens digit of l(a)?
5
Let l = 92 + -11. What is the units digit of l?
1